{"id":37,"date":"2023-12-28T11:01:34","date_gmt":"2023-12-28T10:01:34","guid":{"rendered":"http:\/\/rbsfrwu.cluster029.hosting.ovh.net\/index.php\/mesmerize\/"},"modified":"2024-10-17T10:56:58","modified_gmt":"2024-10-17T08:56:58","slug":"mesmerize","status":"publish","type":"page","link":"https:\/\/www.r-b-s.fr\/","title":{"rendered":"Front Page"},"content":{"rendered":"<div  data-label=\"Team\" data-id=\"team--2\" data-export-id=\"team-2\" data-category=\"team\" class=\"team-2 content-section content-section-spacing\" id=\"team-4\" style=\"background-color: rgb(255, 255, 255);\"><div  class=\"gridContainer\"> <div  class=\"row text-center\"><div  class=\"section-title-col\" data-type=\"column\"> <h2  class=\"\">Notre \u00e9quipe<\/h2> <p  class=\"lead\">Sp\u00e9cialiste des solutions de GTB et des syst\u00e8mes de communications en sant\u00e9, notre \u00e9quipe vous accompagnera dans vos diff\u00e9rents projets<\/p><\/div> <\/div> <div  class=\"row spaced-cols content-center-sm center-sm\" data-type=\"row\"> <div  class=\"col-sm-6 col-md-3\"> <div  class=\"card y-move no-padding bordered\"> <img fetchpriority=\"high\"  decoding=\"async\" class=\"face\" src=\"https:\/\/ml16rxibzmb0.i.optimole.com\/w:auto\/h:auto\/q:mauto\/f:best\/https:\/\/www.r-b-s.fr\/wp-content\/uploads\/2024\/01\/Team-RBS.jpg\" title=\"Team RBS\" alt=\"\"> <div  data-type=\"column\" class=\"col-padding-small col-padding-small-xs description-container\"> <h4  class=\"font-500\">L\u2019\u00e9quipe R-B-S<\/h4> <p  class=\"small\" style=\"font-style: italic;\">Nicolas DOUCHEZ \u2013 Anthony BROWN \u2013 Emmanuel KLECHA<\/p> <div  class=\"social-icons-group\" data-type=\"group\"> <a href=\"#\" target=\"_self\" data-reiki-hidden=\"true\" rel=\"noopener\"><i  class=\"gray fa icon fa-facebook-square\"><\/i><\/a> <a href=\"#\" target=\"_self\" data-reiki-hidden=\"true\" rel=\"noopener\"><i  class=\"gray fa icon fa-twitter-square\"><\/i><\/a> <a href=\"https:\/\/www.linkedin.com\/company\/r-b-s\" target=\"_blank\" rel=\"noopener\"><i  class=\"gray fa icon fa-linkedin-square\"><\/i><\/a> <a href=\"#\" target=\"_self\" data-reiki-hidden=\"true\" rel=\"noopener\"><i  class=\"gray fa icon fa-google-plus-square\"><\/i><\/a><\/div> <\/div><\/div> <\/div>       <\/div> <\/div><\/div>","protected":false},"excerpt":{"rendered":"<p>Notre \u00e9quipe Sp\u00e9cialiste des solutions de GTB et des syst\u00e8mes de communications en sant\u00e9, notre \u00e9quipe vous accompagnera dans vos diff\u00e9rents projets L\u2019\u00e9quipe R-B-S Nicolas DOUCHEZ \u2013 Anthony BROWN \u2013 Emmanuel KLECHA<\/p>\n","protected":false},"author":1,"featured_media":0,"parent":0,"menu_order":0,"comment_status":"closed","ping_status":"closed","template":"page-templates\/homepage.php","meta":{"footnotes":""},"class_list":["post-37","page","type-page","status-publish","hentry"],"_links":{"self":[{"href":"https:\/\/www.r-b-s.fr\/index.php\/wp-json\/wp\/v2\/pages\/37","targetHints":{"allow":["GET"]}}],"collection":[{"href":"https:\/\/www.r-b-s.fr\/index.php\/wp-json\/wp\/v2\/pages"}],"about":[{"href":"https:\/\/www.r-b-s.fr\/index.php\/wp-json\/wp\/v2\/types\/page"}],"author":[{"embeddable":true,"href":"https:\/\/www.r-b-s.fr\/index.php\/wp-json\/wp\/v2\/users\/1"}],"replies":[{"embeddable":true,"href":"https:\/\/www.r-b-s.fr\/index.php\/wp-json\/wp\/v2\/comments?post=37"}],"version-history":[{"count":26,"href":"https:\/\/www.r-b-s.fr\/index.php\/wp-json\/wp\/v2\/pages\/37\/revisions"}],"predecessor-version":[{"id":176,"href":"https:\/\/www.r-b-s.fr\/index.php\/wp-json\/wp\/v2\/pages\/37\/revisions\/176"}],"wp:attachment":[{"href":"https:\/\/www.r-b-s.fr\/index.php\/wp-json\/wp\/v2\/media?parent=37"}],"curies":[{"name":"wp","href":"https:\/\/api.w.org\/{rel}","templated":true}]}}